6?
17
Calculate the remainder when 56698 is divided by 567.
565
Calculate the remainder when 343 is divided by 105.
28
Calculate the remainder when 49832 is divided by 246.
140
What is the remainder when 652781 is divided by 163195?
1
Calculate the remainder when 15037 is divided by 486.
457
Calculate the remainder when 5278 is divided by 44.
42
Calculate the remainder when 998 is divided by 364.
270
Calculate the remainder when 33284 is divided by 584.
580
Calculate the remainder when 1048 is divided by 22.
14
What is the remainder when 103467 is divided by 15?
12
What is the remainder when 3538 is divided by 1081?
295
What is the remainder when 45174 is divided by 407?
404
What is the remainder when 92940 is divided by 869?
826
Calculate the remainder when 1204 is divided by 1149.
55
What is the remainder when 61872 is divided by 814?
8
Calculate the remainder when 639426 is divided by 1033.
1032
What is the remainder when 44347 is divided by 17?
11
Calculate the remainder when 2178 is divided by 649.
231
What is the remainder when 623 is divided by 343?
280
Calculate the remainder when 3747 is divided by 886.
203
Calculate the remainder when 21831 is divided by 36.
15
Calculate the remainder when 64962 is divided by 48.
18
Calculate the remainder when 263736 is divided by 7.
4
What is the remainder when 2671 is divided by 391?
325
Calculate the remainder when 418200 is divided by 211.
209
What is the remainder when 79300 is divided by 46?
42
Calculate the remainder when 702 is divided by 668.
34
Calculate the remainder when 8519 is divided by 1197.
140
What is the remainder when 1110 is divided by 36?
30
What is the remainder when 871808 is divided by 345?
338
What is the remainder when 8845 is divided by 8815?
30
What is the remainder when 436697 is divided by 48?
41
What is the remainder when 53459 is divided by 198?
197
Calculate the remainder when 1382 is divided by 556.
270
Calculate the remainder when 627 is divided by 573.
54
What is the remainder when 259031 is divided by 246?
239
What is the remainder when 38860 is divided by 41?
33
Calculate the remainder when 52476 is divided by 64.
60
Calculate the remainder when 5909 is divided by 32.
21
What is the remainder when 17670917 is divided by 1189?
1188
Calculate the remainder when 381117 is divided by 40.
37
What is the remainder when 91982 is divided by 30?
2
Calculate the remainder when 69319 is divided by 150.
19
Calculate the remainder when 19206 is divided by 1486.
1374
What is the remainder when 233067 is divided by 255?
252
What is the remainder when 485284 is divided by 121315?
24
Calculate the remainder when 4203 is divided by 1352.
147
Calculate the remainder when 14063 is divided by 46.
33
What is the remainder when 17191 is divided by 2454?
13
What is the remainder when 21086 is divided by 2635?
6
Calculate the remainder when 54465 is divided by 241.
240
What is the remainder when 101883 is divided by 50898?
87
What is the remainder when 40189 is divided by 72?
13
Calculate the remainder when 9003 is divided by 110.
93
Calculate the remainder when 407934 is divided by 16997.
6
What is the remainder when 1361160 is divided by 173?
169
What is the remainder when 7469 is divided by 182?
7
Calculate the remainder when 2259 is divided by 89.
34
What is the remainder when 63575 is divided by 677?
614
What is the remainder when 1752 is divided by 145?
12
What is the remainder when 1649 is divided by 1635?
14
What is the remainder when 3422871 is divided by 25?
21
Calculate the remainder when 21419 is divided by 10.
9
What is the remainder when 604 is divided by 143?
32
Calculate the remainder when 15514 is divided by 203.
86
Calculate the remainder when 53862 is divided by 9.
6
What is the remainder when 36838 is divided by 198?
10
Calculate the remainder when 37419 is divided by 19.
8
What is the remainder when 9007 is divided by 2914?
265
What is the remainder when 141950 is divided by 386?
288
What is the remainder when 106606 is divided by 103?
1
What is the remainder when 35337 is divided by 231?
225
What is the remainder when 1203538 is divided by 130?
128
Calculate the remainder when 4888 is divided by 543.
1
Calculate the remainder when 1827 is divided by 446.
43
What is the remainder when 2879 is divided by 843?
350
What is the remainder when 95060 is divided by 7917?
56
What is the remainder when 791836 is divided by 404?
400
Calculate the remainder when 166818 is divided by 266.
36
What is the remainder when 28448 is divided by 28439?
9
Calculate the remainder when 188592 is divided by 135.
132
Calculate the remainder when 3018 is divided by 201.
3
Calculate the remainder when 5624 is divided by 937.
2
What is the remainder when 14097 is divided by 155?
147
Calculate the remainder when 692 is divided by 140.
132
What is the remainder when 1167 is divided by 1066?
101
What is the remainder when 3910 is divided by 98?
88
What is the remainder when 16419 is divided by 283?
5
Calculate the remainder when 6079 is divided by 1518.
7
Calculate the remainder when 8074 is divided by 25.
24
Calculate the remainder when 2673 is divided by 1780.
893
Calculate the remainder when 6448 is divided by 86.
84
What is the remainder when 2298 is divided by 375?
48
What is the remainder when 24807 is divided by 6198?
15
Calculate the remainder when 37940 is divided by 31.
27
Calculate the remainder when 714922 is divided by 27497.
0
What is the remainder when 11536 is divided by 104?
96
Calculate the remainder when 732234 is divided by 19.
12
What is the remainder when 4605 is divided by 1534?
3
What is the remainder when 8358 is divided by 8355?
3
Calculate the remainder when 58519 is divided by 11699.
24
What is the remainder when 4738 is divided by 4586?
152
Calculate the remainder when 19190 is divided by 1009.
19
What is the remainder when 567 is divided by 236?
95
Calculate the remainder when 1642 is divided by 65.
17
Calculate the remainder when 6321 is divided by 2887.
547
Calculate the remainder when 778 is divided by 104.
50
Calculate the remainder when 2524 is divided by 373.
286
Calculate the remainder when 46797 is divided by 360.
357
What is the remainder when 16308 is divided by 61?
21
What is the remainder when 14002 is divided by 28?
2
What is the remainder when 8333 is divided by 10?
3
Calculate the remainder when 270626 is divided by 7.
6
What is the remainder when 149475 is divided by 18?
3
What is the remainder when 18961 is divided by 6320?
1
What is the remainder when 16572 is divided by 74?
70
What is the remainder when 76761 is divided by 662?
631
Calculate the remainder when 1492258 is divided by 1540.
1538
What is the remainder when 4136 is divided by 482?
280
Calculate the remainder when 15689 is divided by 2170.
499
What is the remainder when 462 is divided by 234?
228
Calculate the remainder when 29439 is divided by 981.
9
Calculate the remainder when 740 is divided by 172.
52
Calculate the remainder when 2446 is divided by 1223.
0
What is the remainder when 21167 is divided by 8?
7
Calculate the remainder when 349560 is divided by 281.
277
Calculate the remainder when 16753 is divided by 3291.
298
What is the remainder when 26028 is divided by 608?
492
What is the remainder when 513 is divided by 171?
0
Calculate the remainder when 81215 is divided by 48.
47
Calculate the remainder when 28293 is divided by 4627.
531
What is the remainder when 265811 is divided by 88599?
14
Calculate the remainder when 5939776 is divided by 11.
7
Calculate the remainder when 1372499 is divided by 2250.
2249
What is the remainder when 6785 is divided by 1689?
29
Calculate the remainder when 336809 is divided by 57.
53
What is the remainder when 21086 is divided by 1108?
34
Calculate the remainder when 14622 is divided by 80.
62
What is the remainder when 42771 is divided by 186?
177
What is the remainder when 1135834 is divided by 468?
466
What is the remainder when 38796 is divided by 12905?
81
What is the remainder when 90747 is divided by 45369?
9
Calculate the remainder when 25791 is divided by 35.
31
What is the remainder when 99034 is divided by 33000?
34
Calculate the remainder when 1812 is divided by 1736.
76
Calculate the remainder when 803476 is divided by 3826